 are the prime factors of 835?
5, 167
What are the prime factors of 42170?
2, 5, 4217
What are the prime factors of 90569?
41, 47
What are the prime factors of 18749?
18749
What are the prime factors of 1029?
3, 7
What are the prime factors of 20479?
20479
List the prime factors of 31294.
2, 15647
What are the prime factors of 131080?
2, 5, 29, 113
List the prime factors of 872.
2, 109
List the prime factors of 7160.
2, 5, 179
What are the prime factors of 3414?
2, 3, 569
What are the prime factors of 2145?
3, 5, 11, 13
List the prime factors of 1192.
2, 149
What are the prime factors of 21201?
3, 37, 191
List the prime factors of 19773.
3, 13
What are the prime factors of 6143?
6143
List the prime factors of 1527.
3, 509
What are the prime factors of 14159?
14159
List the prime factors of 5476.
2, 37
What are the prime factors of 19737?
3, 17, 43
List the prime factors of 72936.
2, 3, 1013
What are the prime factors of 502?
2, 251
What are the prime factors of 13387?
11, 1217
What are the prime factors of 39758?
2, 103, 193
List the prime factors of 5365.
5, 29, 37
What are the prime factors of 1775?
5, 71
What are the prime factors of 2252?
2, 563
List the prime factors of 2793.
3, 7, 19
What are the prime factors of 1212?
2, 3, 101
List the prime factors of 62609.
137, 457
What are the prime factors of 119?
7, 17
List the prime factors of 2560.
2, 5
What are the prime factors of 837?
3, 31
What are the prime factors of 362?
2, 181
What are the prime factors of 610?
2, 5, 61
What are the prime factors of 84?
2, 3, 7
What are the prime factors of 2229?
3, 743
List the prime factors of 84327.
3, 28109
What are the prime factors of 3091?
11, 281
List the prime factors of 1521.
3, 13
What are the prime factors of 13474?
2, 6737
List the prime factors of 939.
3, 313
What are the prime factors of 27941?
27941
List the prime factors of 23476.
2, 5869
List the prime factors of 1591.
37, 43
What are the prime factors of 3729?
3, 11, 113
List the prime factors of 3459.
3, 1153
What are the prime factors of 12315?
3, 5, 821
What are the prime factors of 388?
2, 97
List the prime factors of 896.
2, 7
List the prime factors of 115026.
2, 3, 19, 1009
List the prime factors of 1214.
2, 607
List the prime factors of 22826.
2, 101, 113
What are the prime factors of 971?
971
List the prime factors of 191.
191
What are the prime factors of 914?
2, 457
List the prime factors of 20481.
3, 6827
List the prime factors of 3484.
2, 13, 67
What are the prime factors of 2298?
2, 3, 383
List the prime factors of 280.
2, 5, 7
List the prime factors of 2226.
2, 3, 7, 53
List the prime factors of 6201.
3, 13, 53
List the prime factors of 9102.
2, 3, 37, 41
What are the prime factors of 12476?
2, 3119
List the prime factors of 87493.
7, 29, 431
List the prime factors of 32834.
2, 16417
List the prime factors of 1582.
2, 7, 113
What are the prime factors of 2667?
3, 7, 127
What are the prime factors of 9132?
2, 3, 761
What are the prime factors of 3116?
2, 19, 41
List the prime factors of 5453.
7, 19, 41
What are the prime factors of 237?
3, 79
What are the prime factors of 20814?
2, 3, 3469
What are the prime factors of 92853?
3, 19, 181
List the prime factors of 87.
3, 29
List the prime factors of 2843.
2843
What are the prime factors of 93279?
3, 17, 31, 59
List the prime factors of 24489.
3, 907
What are the prime factors of 130890?
2, 3, 5, 4363
What are the prime factors of 20884?
2, 23, 227
List the prime factors of 16343.
59, 277
What are the prime factors of 92218?
2, 7, 941
List the prime factors of 1646.
2, 823
What are the prime factors of 23288?
2, 41, 71
List the prime factors of 964.
2, 241
What are the prime factors of 45701?
23, 1987
What are the prime factors of 152333?
347, 439
List the prime factors of 1106.
2, 7, 79
List the prime factors of 50.
2, 5
List the prime factors of 30434.
2, 15217
What are the prime factors of 1080?
2, 3, 5
List the prime factors of 3356.
2, 839
What are the prime factors of 638?
2, 11, 29
List the prime factors of 1491.
3, 7, 71
What are the prime factors of 93?
3, 31
What are the prime factors of 493?
17, 29
List the prime factors of 14706.
2, 3, 19, 43
What are the prime factors of 14502?
2, 3, 2417
List the prime factors of 4142.
2, 19, 109
List the prime factors of 22043.
7, 47, 67
List the prime factors of 443.
443
What are the prime factors of 14405?
5, 43, 67
What are the prime factors of 415?
5, 83
What are the prime factors of 3541?
3541
What are the prime factors of 46880?
2, 5, 293
List the prime factors of 43369.
31, 1399
What are the prime factors of 88099?
11, 8009
What are the prime factors of 727?
727
List the prime factors of 56873.
56873
List the prime factors of 14358.
2, 3, 2393
List the prime factors of 886.
2, 443
What are the prime factors of 501?
3, 167
List the prime factors of 134.
2, 67
What are the prime factors of 716?
2, 179
What are the prime factors of 71245?
5, 14249
What are the prime factors of 11912?
2, 1489
List the prime factors of 2215.
5, 443
What are the prime factors of 1004?
2, 251
What are the prime factors of 59455?
5, 11, 23, 47
What are the prime factors of 28?
2, 7
What are the prime factors of 27969?
3, 9323
List the prime factors of 4527.
3, 503
List the prime factors of 111741.
3, 7, 17, 313
What are the prime factors of 15413?
15413
List the prime factors of 24086.
2, 12043
What are the prime factors of 9117?
3, 1013
What are the prime factors of 27087?
3, 9029
List the prime factors of 1871.
1871
List the prime factors of 19640.
2, 5, 491
List the prime factors of 5030.
2, 5, 503
What are the prime factors of 9569?
7, 1367
List the prime factors of 7334.
2, 19, 193
List the prime factors of 1983.
3, 661
List the prime factors of 1730.
2, 5, 173
List the prime factors of 5316.
2, 3, 443
List the prime factors of 12715.
5, 2543
What are the prime factors of 4326?
2, 3, 7, 103
What are the prime factors of 488?
2, 61
What are the prime factors of 17672?
2, 47
What are the prime factors of 21640?
2, 5, 541
What are the prime factors of 151?
151
List the prime factors of 24088.
2, 3011
List the prime factors of 124.
2, 31
List the prime factors of 25199.
113, 223
List the prime factors of 3006.
2, 3, 167
List the prime factors of 5355.
3, 5, 7, 17
List the prime factors of 63599.
63599
What are the prime factors of 2196?
2, 3, 61
What are the prime factors of 5234?
2, 2617
What are the prime factors of 1721?
1721
List the prime factors of 345.
3, 5, 23
List the prime factors of 6407.
43, 149
List the prime factors of 10726.
2, 31, 173
What are the prime factors of 4536?
2, 3, 7
What are the prime factors of 12261?
3, 61, 67
What are the prime factors of 92?
2, 23
List the prime factors of 3615.
3, 5, 241
List the prime factors of 8494.
2, 31, 137
List the prime factors of 2905.
5, 7, 83
What are the prime factors of 17215?
5, 11, 313
List the prime factors of 690.
2, 3, 5, 23
What are the prime factors of 18678?
2, 3, 11, 283
List the prime factors of 749.
7, 107
List the prime factors of 28256.
2, 883
List the prime factors of 1701.
3, 7
What are the prime factors of 76336?
2, 13, 367
List the prime factors of 2901.
3, 967
List the prime factors of 68174.
2, 89, 383
What are the prime factors of 747?
3, 83
What are the prime factors of 8312?
2, 1039
List the prime factors of 5926.
2, 2963
List the prime factors of 20443.
20443
What are the prime factors of 25516?
2, 6379
What are the prime factors of 10814?
2, 5407
What are the prime factors of 9680?
2, 5, 11
List the prime factors of 14761.
29, 509
What are the prime factors of 1870?
2, 5, 11, 17
What are the prime factors of 1144?
2, 11, 13
What are the prime factors of 8367?
3, 2789
List the prime factors of 967.
967
List the prime factors of 4368.
2, 3, 7, 13
List the prime factors of 5374.
2, 2687
What are the prime factors of 25490?
2, 5, 2549
List the prime factors of 8283.
3, 11, 251
What are the prime factors of 1540?
2, 5, 7, 11
What are the prime factors of 1961?
37, 53
List the prime factors of 17238.
2, 3, 13, 17
List the prime factors of 33.
3, 11
What are the prime factors of 87732?
2, 3, 2437
What are the prime factors of 1506?
2, 3, 251
What are the prime factors of 38180?
2, 5, 23, 83
What are the prime 